-12003404
In base 10, what is -2852 - -3714?
862
In base 7, what is -2 + -13055053163?
-13055053165
In base 15, what is 4 + 3dc9e2e?
3dc9e33
In base 13, what is 306ba6 - 4?
306ba2
In base 14, what is 7032 + 913?
7945
In base 6, what is 132215 - 322?
131453
In base 16, what is 1c8 - -10481?
10649
In base 3, what is 200100110 + -100?
200100010
In base 5, what is 0 + -124001300?
-124001300
In base 7, what is -2222513 - 10?
-2222523
In base 15, what is 14bb481 + 5?
14bb486
In base 2, what is -100110100000001 - -111100000?
-100101100100001
In base 14, what is -5 + 6bdb9?
6bdb4
In base 8, what is -2404 + 2223?
-161
In base 12, what is -952b01 - 12?
-952b13
In base 7, what is -11656 - -1443524?
1431535
In base 11, what is 2 - 3747147?
-3747145
In base 4, what is -103 - -20300011?
20233302
In base 5, what is -3331222 + 443?
-3330224
In base 15, what is -37e - 140de?
-1446d
In base 6, what is 1 + -14153310432?
-14153310431
In base 3, what is -11120100111 + -100110?
-11120200221
In base 13, what is 4cb - 7b8?
-2ba
In base 2, what is 10110000101111010101011 - 11?
10110000101111010101000
In base 16, what is -38 + 621da?
621a2
In base 9, what is -5 - -284838?
284833
In base 11, what is -24 + 717516?
7174a2
In base 11, what is -14579 - 2415?
-16993
In base 14, what is -153 - 220b45?
-220c98
In base 4, what is -11022123 + 30000?
-10332123
In base 13, what is -1 + 80468a8?
80468a7
In base 3, what is -1210 + 12110002121?
12110000211
In base 2, what is 10 + -110110100011000000010001?
-110110100011000000001111
In base 6, what is -3135 - -10430222?
10423043
In base 7, what is -5 - 4210144223?
-4210144231
In base 6, what is 20412313 - 111?
20412202
In base 3, what is 202100002110 + -2122?
202022222211
In base 5, what is -4 + 30042310100?
30042310041
In base 9, what is -2758 + 4715?
1846
In base 11, what is 2a75a0 + -3?
2a7598
In base 8, what is 110526774 - 7?
110526765
In base 8, what is -4 - 16612507?
-16612513
In base 16, what is -1 - -cef8c9?
cef8c8
In base 11, what is 2 - -763200a?
7632011
In base 14, what is -1bdb474 + -4?
-1bdb478
In base 12, what is -675 + 1400?
947
In base 3, what is 220 - 10221122112?
-10221121122
In base 13, what is a864 - -120b?
ba72
In base 9, what is 3022 + 5514?
8536
In base 8, what is -2 + -302615605?
-302615607
In base 8, what is 107006 + 21760?
130766
In base 14, what is 4669 + -6516?
-1c8b
In base 16, what is -3c888 - -3?
-3c885
In base 9, what is -2061136352 + 5?
-2061136346
In base 4, what is 102333211210 - 1?
102333211203
In base 14, what is 45bb3 - -52?
45c25
In base 4, what is -10010 + 23130?
13120
In base 5, what is 221 + 2002221331?
2002222102
In base 5, what is -133304320 - -1121?
-133303144
In base 2, what is 1001110011111001000010 + 1010?
1001110011111001001100
In base 14, what is 12b1841 + 1?
12b1842
In base 2, what is 111000001100101000 + -1001101?
111000001011011011
In base 15, what is -a1 - -1a7c?
19cb
In base 12, what is -84 + -10994a?
-109a12
In base 6, what is 1 + -15245343?
-15245342
In base 13, what is -3 + 695c683?
695c680
In base 8, what is -2264725 - 0?
-2264725
In base 11, what is -73a99 - -22?
-73a77
In base 2, what is -100 - 100100110101011011110111101?
-100100110101011011111000001
In base 4, what is -1021200 + -101000?
-1122200
In base 16, what is -46388 + 2?
-46386
In base 2, what is 111010111010001111110110 + 1?
111010111010001111110111
In base 2, what is 11000000001 - -1101010101100001011?
1101011000100001100
In base 16, what is -2 - -221b7a?
221b78
In base 11, what is 35 - 1994160?
-1994126
In base 8, what is -1004153 - -565?
-1003366
In base 15, what is 38460a - a?
384600
In base 3, what is 10222010010010121 + 2?
10222010010010200
In base 16, what is -60a0d0 + -79?
-60a149
In base 6, what is 32240 + -343?
31453
In base 5, what is 1 - 301041434?
-301041433
In base 6, what is 30212510542 + -5?
30212510533
In base 13, what is -309100 - a?
-30910a
In base 3, what is -11100112222202 + 1201?
-11100112221001
In base 6, what is -3 - -2212001?
2211554
In base 10, what is 117 - 37206?
-37089
In base 8, what is 61 + -11223012?
-11222731
In base 16, what is -e2 - 21c?
-2fe
In base 16, what is 26 + -7b425d?
-7b4237
In base 13, what is 3378c + -a?
33782
In base 2, what is 1101 - -100110110111000010000110?
100110110111000010010011
In base 7, what is -24414 + -55445?
-113162
In base 13, what is 5c - 45a8b4?
-45a855
In base 14, what is 1 - 7a77761?
-7a77760
In base 16, what is eb + c1ba9?
c1c94
In base 2, what is 1010100111111100 + -11011011100000?
111001100011100
In base 2, what is -100 + -10001101100111001100111?
-10001101100111001101011
In base 7, what is -16620 + 111026?
61106
In base 13, what is -2 - -150b095?
150b093
In base 10, what is -217039 + 45?
-216994
In base 8, what is -1402462754 - 3?
-1402462757
In base 9, what is -24 - 3474342?
-3474366
In base 16, what is -34bee0b - 3?
-34bee0e
In base 5, what is 103130 - 21331?
31244
In base 12, what is 132060 + 707?
132767
In base 14, what is -1 - -b09a85a?
b09a859
In base 16, what is -1f0 - 5c11?
-5e01
In base 15, what is eb8e9e + -4?
eb8e9a
In base 11, what is -179 - -a79?
900
In base 6, what is 42300111 + 5?
42300120
In base 7, what is -6 - 11500146?
-11500155
In base 8, what is 7 + 12521361?
12521370
In base 7, what is -62265 - -33361?
-25604
In base 10, what is 53556814 - 3?
53556811
In base 6, what is 35510 + 1315?
41225
In base 14, what is -5 - -c00b95?
c00b90
In base 5, what is 1320123120 + 10?
1320123130
In base 2, what is 1 - -1000110000111000111010?
1000110000111000111011
In base 13, what is 28ba + -5696?
-2aa9
In base 11, what is 56649 + 56?
566a4
In base 8, what is -321227 + 244?
-320763
In base 14, what is 1d325a - -183?
1d33dd
In base 5, what is 11 - 124244131313?
-124244131302
In base 10, what is 6480525 + 3?
6480528
In base 16, what is -1 + -897b91?
-897b92
In base 13, what is 323002a06 + 3?
323002a09
In base 13, what is 3 + -931ca1?
-931c9b
In base 9, what is -1 - 128002110?
-128002111
In base 13, what is -5b4a - 71?
-5bbb
In base 6, what is 251124345 - 2?
251124343
In base 14, what is 75cad9 + -2?
75cad7
In base 9, what is -62367788 + 5?
-62367783
In base 7, what is 534515164 + 5?
534515202
In base 6, what is -50422 + -2103?
-52525
In base 12, what is 421 - -7b517?
7b938
In base 11, what is -194177 + 2490?
-191797
In base 6, what is 20 + -141251440?
-141251420
In base 7, what is 1040466 + 330?
1041126
In base 3, what is -1220102121111210 + 11?
-1220102121111122
In base 14, what is 676118d - 3?
676118a
In base 16, what is -2f + 7e028b?
7e025c
In base 16, what is 1 + -ce8962d?
-ce8962c
In base 2, what is 1000000100001110000 + -1111?
1000000100001100001
In base 11, what is 1a8 - 1aa0a1?
-1a99a4
In base 12, what is -5488476 + -13?
-5488489
In base 12, what is -382 + -8758?
-8b1a
In base 16, what is -a11a + -116?
-a230
In base 7, what is -601135 - -2401?
-565434
In base 11, what is -1508 - a2384?
-a3891
In base 6, what is -114 - 4200413?
-4200531
In base 13, what is 6 - -349c3c?
349c45
In base 15, what is -4 - -ada136?
ada132
In base 14, what is -734 + -1444?
-1b78
In base 11, what is 75a2 - 19a0?
5702
In base 2, what is -101000 - -1000100100010101?
1000100011101101
In base 3, what is -1012220122000210 + -110?
-1012220122001020
In base 2, what is 1011 - -110011001101101110110?
110011001101110000001
In base 13, what is b708c + -14?
b7078
In base 15, what is -84ce + -142?
-8621
In base 15, what is 3c5 - 22e4?
-1e1e
In base 16, what is 3 + -1f92ad?
-1f92aa
In base 2, what is -1000010110001100 + 1011100?
-1000010100110000
In base 8, what is -4327003154 + -5?
-4327003161
In base 6, what is -155032214 + -111?
-155032325
In base 9, what is 1442 + 646084?
647536
In base 3, what is 2000020120200 + 202?
2000020121102
In base 15, what is 0 - 1539?
-1539
In base 5, what is 2121333243324 - -2?
2121333243331
In base 13, what is -485 + 7062?
68aa
In base 9, what is 238046 + -825?
237121
In base 12, what is 80 - -34a5a?
34b1a
In base 13, what is 6 - -3508b?
35094
In base 2, what is 110111100011110100100001 - 1?
110111100011110100100000
In base 6, what is -10134 - 55253?
-105431
In base 10, what is -6338 - 1041?
-7379
In base 12, what is 8 - 6b99243?
-6b99237
In base 16, what is cf8e - 22d?
cd61
In base 7, what is 126341224 + -32?
126341162
In base 13, what is 